 u = o + t. Calculate the remainder when 18 is divided by u.
3
Let l = -1876 - -1931. What is the remainder when 121 is divided by l?
11
Let y(j) = 4*j**3 + j - 1. Suppose -22*m = 15*m - 222. What is the remainder when m is divided by y(1)?
2
Let l(x) = x**2 - 2*x - 1. Let a be l(4). Suppose a*b - 4*b - 39 = 0. Suppose -178*f + 126 = -176*f. What is the remainder when f is divided by b?
11
Let q(h) = h**2 + 1 - 5*h + 3 - 1 - 2*h. Let s be q(6). Calculate the remainder when 40 is divided by -2*(-14)/(-1 - s).
12
Suppose 5*i + 90 = 5*j, -9*j + 2*i - 96 = -13*j. Calculate the remainder when 39 is divided by j.
17
Suppose -36 = -4*m - 28. Suppose m*c - 3*j = -j + 160, j - 335 = -4*c. What is the remainder when c is divided by 22?
17
Suppose 5*n + 104 = 5*k + 754, 4*n = 2*k + 518. Calculate the remainder when n is divided by 45.
39
Suppose -x = -r + 8, -3*r + x + 20 = 2. Suppose d = 5, 17 = -2*m - r*d + 372. Suppose -35 = 5*w - m. What is the remainder when w is divided by 7?
5
Suppose -m = 126 - 128. Calculate the remainder when 1/(-2) + (174/4 - m) is divided by 14.
13
Suppose n - 4*q = 117, -2 = q + 1. Let m(o) = -o**3 + 18*o**2 - 15*o - 16. Calculate the remainder when n is divided by m(17).
15
Let b(c) = 2*c**2 - 31*c + 25. What is the remainder when b(17) is divided by 13?
11
Let p(i) = 18*i - 8. Calculate the remainder when p(8) is divided by 69.
67
Let h be (-1)/(0 + 3)*9. Suppose -3*m + 7 + 38 = 3*s, 2*m - 15 = s. Calculate the remainder when 22 - 12/(-9)*h is divided by m.
8
Suppose -2*u = -3*u - 29. Let x = u + 16. Let d = 20 + x. Calculate the remainder when 13 is divided by d.
6
Suppose 0 = s + 14 + 5. Let b = -9 - s. Calculate the remainder when (-514)/(-14) - (-10)/35 is divided by b.
7
Let v = -79 + 79. Suppose -4*a + 345 + 99 = v. What is the remainder when a is divided by 38?
35
Let a be (20/(-7))/((-18)/63). Calculate the remainder when 96/a*(-50)/(-5) + -3 is divided by 32.
29
Let k(x) = 5*x + 3. What is the remainder when k(4) is divided by -2*78/(-11) - (-90)/(-495)?
9
Let g(z) = z**3 + 18*z**2 + 48*z - 72. Let c = -31 + 71. What is the remainder when g(-14) is divided by -1 + 2 - c/(-2)?
19
Let c = 346 + -194. What is the remainder when c is divided by 31?
28
Let v(k) = 19*k**2 - k + 544. Calculate the remainder when v(0) is divided by 175.
19
Let p = 69 - 10. Suppose -p = -5*h - 3*y, -3*y + 2 = -h + y. Calculate the remainder when 29 is divided by h.
9
Let r(u) = -u**3 - 9*u**2 - 3*u - 13. Let m be r(-9). Let q = 19 - m. Suppose -q*w = -27 - 8. Calculate the remainder when 20 is divided by w.
6
Suppose 0 = 2*o, -2*o - 45 = -5*b + o. Calculate the remainder when 34 is divided by b.
7
Calculate the remainder when 25 is divided by 5 + 4*(-5)/20.
1
Calculate the remainder when 1*-27*25/(-15) is divided by 12.
9
Suppose -g - 1 = -2. Suppose 3*n - 124 = -2*k, n + g = k - 61. Calculate the remainder when k is divided by 32.
30
Suppose -h - 3 = -2*h. Suppose m + 2*a - 10 = 0, h*m + 3*a - 2*a = 20. Suppose -40 = -m*u + u. What is the remainder when 30 is divided by u?
6
Let q(k) = 2*k**2 - 9*k + 9. What is the remainder when q(-4) is divided by 47?
30
Let d be 1/(-3)*-6*(-3)/3. What is the remainder when 316/d*(-1)/(-4)*-2 is divided by 27?
25
Suppose -1 = 3*w - 10. Suppose -2*v + 2*b + 126 = 0, 0*v = v + w*b - 51. What is the remainder when v is divided by 31?
29
Suppose -3*i - 5 = -3*s - 4*i, -1 = -5*s + 2*i. Let l = 2 + s. Suppose -5*h = 4*n - 89, l*n + 4*h - 66 = h. What is the remainder when n is divided by 11?
10
Let o = 1630 - 1276. Calculate the remainder when o is divided by 89.
87
Suppose 64 = 2*z - 6*z. Let n = z - -25. Calculate the remainder when n is divided by 6.
3
Let u = -7 + 15. Suppose 6*d - u*d = -8. Suppose -3*a - 3*w + 5*w = -64, -5*a + d*w + 104 = 0. What is the remainder when 69 is divided by a?
21
Let q be (-187)/5 - 2*5/(-25). Let l = q - -69. What is the remainder when l is divided by 11?
10
Suppose 16*p - 319 = -79. Let x be (-2)/(-3) + 302/6. Suppose 2*a = -5*n + 3*n + 78, a - 5*n - x = 0. What is the remainder when a is divided by p?
11
Suppose -77*r + 79*r = -c + 11, 39 = 4*c + 3*r. Calculate the remainder when 49 is divided by c.
4
Suppose c - 2*n = -147, -5*c = 2*n + 614 + 169. Let g = c + 252. Calculate the remainder when g is divided by 11.
9
Let r = 229 - 106. What is the remainder when r is divided by 33?
24
Let n be (4 - (-3 + -6))*-1. Suppose 3*g + 325 - 22 = 0. Let y = n - g. Calculate the remainder when y is divided by 23.
19
Suppose -3*u + 4*u - 4 = 0. Let d(f) = f**3 - f**2 - f + 2. Let g be d(3). Suppose u = a - g. Calculate the remainder when 60 is divided by a.
18
Calculate the remainder when 215 is divided by -6 + 11/((-66)/(-360)).
53
Let z(v) = v**2 - 20*v. Suppose -3*f = -5*f + t + 159, 78 = f - t. What is the remainder when f is divided by z(21)?
18
Let b(z) = -z**2 - 14*z - 34. Let c be b(-11). Calculate the remainder when 229 is divided by 4 - (0 + c - 24).
26
Let x(s) = -s + 18. What is the remainder when 232 is divided by x(-8)?
24
Suppose -2*m + 221 = -639. Calculate the remainder when m is divided by 48.
46
Suppose -3*o + 58 = 5*d, 3*o = -o - 5*d + 74. Suppose -5*f + 241 = -74. What is the remainder when f is divided by o?
15
Let j(m) = 5*m**3 + m**2 - 18*m + 19. What is the remainder when j(3) is divided by 28?
25
Let x = 1919 + -1893. Let j = 5 + 2. What is the remainder when x is divided by j?
5
Let r(k) = -2 - 5*k + 5*k - 4*k + 7*k**2. Let f = 43 + -29. What is the remainder when r(-2) is divided by f?
6
Let z = 22 + -17. Suppose 0*r - r = -c, 12 = -z*r - c. What is the remainder when r/((4/(-24))/1) is divided by 7?
5
Suppose -4*q + 10 - 70 = 0. What is the remainder when ((-10)/(-15))/(-2) + 410/15 is divided by 1 + (1 - (2 + q))?
12
Suppose 5*r + 3*u = 169, r - 1 = 5*u + 16. What is the remainder when r is divided by 17?
15
Suppose 8*o - 3*o = 85. Let p = 49 - o. Calculate the remainder when 116 is divided by p.
20
Suppose -3*d + 1480 = 5*r, -7*d = -3*r - 3*d + 859. Let g = 450 - r. What is the remainder when g is divided by 40?
37
Let j(m) = -12*m**3 - 2*m**2 - m - 1. Let r be j(-1). Suppose r*n - 14*n = -316. What is the remainder when n is divided by 20?
19
Let c(w) = -w**2 - 44*w + 25. What is the remainder when c(-44) is divided by 7?
4
Let k(r) = -2*r - r - 46 + 35. Calculate the remainder when k(-15) is divided by 18.
16
Let k(y) be the first derivative of -y**3/3 - 7*y**2/2 - 5. Let t be k(-6). Suppose -d - 135 = -t*d. Calculate the remainder when 106 is divided by d.
25
Let m = 102 - 65. Let v be (1 + (-51)/12)*-28. Let k = 101 - v. Calculate the remainder when m is divided by k.
7
Calculate the remainder when ((-30)/(-8))/(3/8) is divided by ((-3)/(-15) + (-5)/(-25))*15.
4
Let b = -22 - -36. Calculate the remainder when 69*7/(-9 - -16) is divided by b.
13
Suppose 354*b - 347*b - 28 = 0. What is the remainder when 135 is divided by b?
3
Suppose y = -3*y - 44. Suppose -4*r = -h + 22, -4 = -h - r + 3. Calculate the remainder when ((-12)/(-10))/(y/(-330)) is divided by h.
6
Suppose -116 = -f + 2*o, -o + 1 + 2 = 0. Let u = -100 + f. What is the remainder when 127 is divided by u?
17
Let f(h) = 3*h - 36. Let k be f(15). Calculate the remainder when -31*3*(-3)/k is divided by 18.
13
Let h = 563 - 532. What is the remainder when 60 is divided by h?
29
Suppose 424 = h - 14*v + 9*v, 3*h - 1311 = 2*v. Calculate the remainder when h is divided by 89.
83
Let m be ((-72)/180)/((6/(-5))/3). Suppose x - 4*w - m = -w, 0 = -2*x - 3*w + 11. What is the remainder when 18 is divided by x?
2
Suppose -46*v - 5*w = -50*v + 1628, 1248 = 3*v + 3*w. What is the remainder when v is divided by 67?
10
Calculate the remainder when 4/(-6)*-48*1 is divided by -114 - -98 - (-24 + -2).
2
Let x = 25 + -26. Let k(b) = -40*b - 1. Calculate the remainder when 116 is divided by k(x).
38
Let k(h) = 8*h**2 - 7*h + 5. Suppose -4*s = -7*s + 15. Calculate the remainder when k(s) is divided by 9.
8
Let z(m) = m**2 + 14*m + 99. Calculate the remainder when z(0) is divided by 4.
3
Let q be 6/(-21) - (-35)/(-49). Calculate the remainder when 139 is divided by (-140)/8*2*q.
34
Let i(q) = q**2 - 29*q + 196. Suppose -7*a + 2*a + 30 = 0. Calculate the remainder when i(8) is divided by a.
4
Let f = 703 + -663